 4881 divide 61346200?
False
Is 729 a factor of 6050700?
True
Does 255 divide 3139530?
False
Does 1044 divide 1910546949?
False
Does 7 divide 3923596?
False
Does 559 divide 44153174?
True
Does 280 divide 4852002400?
True
Is 7 a factor of 35063350?
True
Is 19509894 a multiple of 675?
False
Is 44 a factor of 7618732?
True
Does 17 divide 1596419?
True
Is 94104131 a multiple of 21?
False
Is 127624056 a multiple of 46?
True
Is 1150370520 a multiple of 15?
True
Does 1555 divide 165028935?
False
Does 25 divide 1086100?
True
Does 42 divide 2298183647?
False
Is 647134362 a multiple of 197?
True
Does 1020 divide 506939759?
False
Is 885 a factor of 100429800?
True
Does 144 divide 34752182?
False
Is 545 a factor of 10367535?
True
Is 28527942 a multiple of 2?
True
Is 4889397772 a multiple of 14?
True
Does 36 divide 15691591?
False
Is 8 a factor of 34485760?
True
Is 1177202288 a multiple of 107?
False
Is 35 a factor of 92379662?
False
Does 2 divide 2240471?
False
Is 308594617 a multiple of 43?
True
Is 336148351 a multiple of 5?
False
Is 1185205368 a multiple of 1254?
False
Is 858 a factor of 1046515470?
True
Is 1892488863 a multiple of 4?
False
Does 32 divide 89275936?
True
Is 69361490 a multiple of 10?
True
Is 48 a factor of 177652030?
False
Is 4136186 a multiple of 21?
False
Is 623 a factor of 35083449?
False
Is 86620800 a multiple of 60?
True
Does 15 divide 1184535?
True
Is 151713244 a multiple of 46?
True
Is 1665508240 a multiple of 192?
False
Is 683424642 a multiple of 57?
True
Is 7388556 a multiple of 28?
True
Does 545 divide 425921315?
True
Does 7138 divide 538578148?
False
Does 199 divide 669976137?
False
Is 34 a factor of 63504996?
True
Is 23 a factor of 165418307?
False
Is 3184 a factor of 7102574272?
True
Is 19 a factor of 20173000?
False
Is 14 a factor of 12410202?
True
Is 25372247 a multiple of 1956?
False
Is 384604902 a multiple of 2871?
True
Is 1040854710 a multiple of 30?
True
Is 202 a factor of 7843458?
True
Is 634 a factor of 354721098?
True
Is 96210130 a multiple of 2051?
False
Is 98413425 even?
False
Is 2185 a factor of 3887615839?
False
Is 14576917 a multiple of 666?
False
Is 3 a factor of 403548514?
False
Is 109 a factor of 60930128?
True
Is 674 a factor of 669535500?
False
Is 530 a factor of 23152775?
False
Does 642 divide 101285772?
True
Is 63879855 a multiple of 65?
True
Does 46 divide 36976594?
True
Is 34 a factor of 1095006890?
True
Does 417 divide 459473952?
True
Does 212 divide 454234305?
False
Is 51 a factor of 19068747?
True
Does 5 divide 3558500?
True
Is 1024183392 a multiple of 688?
False
Is 18 a factor of 27703934?
False
Does 15 divide 348870?
True
Does 8 divide 7714631?
False
Is 866 a factor of 3186104930?
True
Is 37 a factor of 48355411?
True
Does 159 divide 105983358?
True
Is 69 a factor of 44686263?
True
Is 130 a factor of 9775350?
True
Is 208 a factor of 491425698?
False
Is 225 a factor of 1417085325?
True
Does 634 divide 921756567?
False
Is 385 a factor of 278002340?
True
Is 175052640 a multiple of 1060?
True
Does 8 divide 82738341?
False
Does 283 divide 150528516?
False
Does 20 divide 29738120?
True
Does 4 divide 64580107?
False
Is 1123 a factor of 47261455?
True
Is 246 a factor of 26340450?
True
Is 3023 a factor of 1096091432?
True
Is 1137180874 a multiple of 7?
False
Does 273 divide 232781624?
False
Is 34986786 a multiple of 3?
True
Is 1596 a factor of 1564300599?
False
Is 1485 a factor of 29018812?
False
Is 38658330 a multiple of 1206?
True
Is 303459096 a multiple of 12?
True
Is 6 a factor of 15753510?
True
Does 3237 divide 2044189743?
False
Is 1331657592 a multiple of 6332?
True
Is 5800 a factor of 2715509367?
False
Does 27 divide 389579290?
False
Does 36 divide 102320784?
True
Does 32 divide 84710816?
True
Does 5896 divide 463325368?
True
Is 7663 a factor of 1348427458?
True
Does 4716 divide 467454636?
True
Is 35333613 a multiple of 329?
True
Is 241756936 a multiple of 384?
False
Is 3857238 a multiple of 99?
True
Does 774 divide 1371665340?
False
Does 6 divide 195331761?
False
Does 338 divide 88122931?
False
Does 1943 divide 546711625?
True
Is 350997249 a multiple of 131?
False
Is 8173 a factor of 1518565208?
False
Does 188 divide 39515156?
True
Does 5086 divide 786137934?
True
Is 14 a factor of 332751482?
True
Does 965 divide 222698840?
True
Does 30 divide 139115009?
False
Is 141 a factor of 145851128?
False
Is 5991991 a multiple of 2091?
False
Is 1461 a factor of 390113298?
True
Does 3805 divide 298525080?
True
Is 1992158115 a multiple of 6296?
False
Does 29 divide 7513708?
False
Does 6597 divide 752416929?
False
Is 127645686 a multiple of 399?
True
Is 3160684608 a multiple of 1488?
True
Is 2 a factor of 3510065?
False
Is 213 a factor of 603588324?
True
Is 107320194 a multiple of 67?
False
Does 5229 divide 5713631363?
False
Is 65 a factor of 22090900?
True
Is 142569328 a multiple of 7?
False
Is 3242 a factor of 16167854?
True
Is 210 a factor of 318947790?
True
Is 3077803212 a multiple of 718?
True
Is 281 a factor of 11607267?
True
Does 164 divide 905160334?
False
Is 131 a factor of 1620704049?
False
Is 20 a factor of 3451066199?
False
Does 6 divide 18638628?
True
Is 188 a factor of 9704048?
False
Does 4783 divide 615069885?
True
Is 87 a factor of 104288379?
True
Is 613871424 a multiple of 7?
False
Is 23770992 a multiple of 336?
True
Is 43 a factor of 77916?
True
Is 784760346 a multiple of 89?
False
Is 26787039 a multiple of 1363?
True
Does 2264 divide 10199320?
True
Is 241905039 a multiple of 544?
False
Is 649 a factor of 21883631?
True
Is 913 a factor of 67294903?
False
Is 85139354 a multiple of 1580?
False
Does 1154 divide 20898940?
True
Is 363 a factor of 2496107660?
False
Does 18 divide 7380864?
True
Does 7 divide 506487?
False
Does 8 divide 92960717?
False
Is 650638 a multiple of 11?
False
Is 178418835 a multiple of 35?
True
Is 37197160 a multiple of 182?
True
Is 1161 a factor of 87161581?
False
Is 28 a factor of 4543807?
False
Is 10281219 a multiple of 13?
True
Is 145357361 a multiple of 318?
False
Is 38530225 a multiple of 124?
False
Does 321 divide 239595927?
False
Is 1271538618 a multiple of 413?
True
Does 21 divide 74455854?
False
Is 125 a factor of 29315125?
True
Is 1158613 a multiple of 22?
False
Does 675 divide 1476251530?
False
Is 30130709 a multiple of 9?
False
Is 9 a factor of 33963741?
True
Is 30 a factor of 5468055?
False
Does 22 divide 3626010498?
True
Does 48 divide 8183919?
False
Is 211 a factor of 34848127?
True
Is 8142384 a multiple of 436?
False
Is 2714726172 a multiple of 1829?
True
Is 30 a factor of 319851?
False
Does 21 divide 27711495?
True
Is 5797855 a multiple of 7?
True
Does 486 divide 307522312?
False
Does 305 divide 8265500?
True
Is 6 a factor of 12518441?
False
Is 50 a factor of 94899702?
False
Is 5876 a factor of 3143313793?
False
Is 155252052 a multiple of 151?
False
Does 87 divide 51019584?
True
Is 9 a factor of 27559242?
True
Is 3585 a factor of 696242850?
True
Is 389 a factor of 26092953?
True
Is 385 a factor of 272644921?
False
Is 10 a factor of 815077890?
True
Is 17340176 a multiple of 79?
False
Is 45039760 a multiple of 1002?
False
Does 1838 divide 6349175?
False
Is 147833910 a multiple of 378?
True
Is 148241610 a multiple of 666?
True
Is 861 a factor of 658469553?
True
Is 149907297 a multiple of 857?
True
Is 3252 a factor of 249121237?
False
Is 27 a factor of 130485578?
False
Is 95300960 a multiple of 92?
True
Is 10 a factor of 22662600?
True
Is 13720 a factor of 305050027?
False
Is 7 a factor of 926422?
True
Is 40713688 a multiple of 1102?
False
Is 246 a factor of 2429379669?
False
Is 524 a factor of 67615196?
False
Is 481118040 a multiple of 20?
True
Does 4 divide 4448856?
True
Does 18 divide 85856580?
True
Does 1532 divide 124808976?
True
Does 804 divide 348853188?
True
Does 6 divide 59181713?
False
Does 52 divide 183444576?
False
Is 7265544 a multiple of 143?
True
Does 19 divide 1975149465?
True
Is 45178133 a multiple of 1573?
True
Is 877 a factor of 2499781506?
True
Is 86 a factor of 26465038?
True
Does 680 divide 82272115?
False
Is 417 a factor of 1268168724?
True
Is 60031158 a multiple of 32?
False
Is 3817020800 a multiple of 20?
True
Does 14 divide 103905304?
False
Does 381 divide 478155?
True
Is 19 a factor of 43176645?
True
Is 45 a factor of 413239860?
